{"id":514,"date":"2022-07-10T13:56:24","date_gmt":"2022-07-10T13:56:24","guid":{"rendered":"https:\/\/psicologoscatamarca.com.ar\/psicoweb\/?page_id=514"},"modified":"2024-02-01T23:05:36","modified_gmt":"2024-02-01T23:05:36","slug":"servicios-al-matriculado","status":"publish","type":"page","link":"https:\/\/psicologoscatamarca.com.ar\/psicoweb\/servicios-al-matriculado\/","title":{"rendered":"Servicios al Matriculado"},"content":{"rendered":"\n<h4 class=\"wp-block-heading\" id=\"certificaciones\">Certificaciones<\/h4>\n\n\n\n<p>Solicitar a trav\u00e9s de v\u00eda formal para que quede constancia de dicha solicitud, ya sea por nota escrita o correo electr\u00f3nico (<a rel=\"noreferrer noopener\" href=\"mailto:colpsicat@yahoo.com.ar\" target=\"_blank\">colpsicat@yahoo.com.ar<\/a>).<\/p>\n\n\n\n<blockquote class=\"wp-block-quote is-layout-flow wp-block-quote-is-layout-flow\">\n<p><\/p>\n<cite>Les agradecemos que soliciten los certificados cuando efectivamente vayan a utilizarlos, y que ellos sean retirados en tiempo y forma, ya que implican costos para la instituci\u00f3n.<\/cite><\/blockquote>\n\n\n\n<p>Para solicitar certificado de Libre de Sanciones \u00c9ticas, los socios no deber\u00e1n registrar deudas con el Colegio, adem\u00e1s de tener sus legajos al d\u00eda, debido a que ambos requisitos constituyen deberes \u00e9ticos de todo profesional.<\/p>\n\n\n\n<h4 class=\"wp-block-heading\">Internet<\/h4>\n\n\n\n<p>En la sede de nuestra instituci\u00f3n, el uso de WIFI se encuentra a disposici\u00f3n de los asociados, de lunes a viernes, de 8 a 15:30 hs.<br>Traer su propio dispositivo electr\u00f3nico (computadora port\u00e1til, tel\u00e9fono, etc.) y solicitar la clave de acceso a los administrativos del Colegio.<\/p>\n\n\n\n<h4 class=\"wp-block-heading\">Impresora<\/h4>\n\n\n\n<p>Los socios del CPPC pueden realizar impresiones de notas u otros textos cortos con las impresoras del Colegio, llevando el material a imprimir en un dispositivo de almacenamiento de datos port\u00e1til y solicitando la ayuda de alguno de los administrativos del Colegio disponible.<br>La donaci\u00f3n de dos impresoras (una por parte de la Lic Ana Beltramello, y otra del Banco HSBC) posibilit\u00f3 ampliar este servicio para los socios, quienes de ahora en m\u00e1s podr\u00e1n realizar impresiones de textos de mayor extensi\u00f3n (tesinas, investigaciones, etc) siempre que est\u00e9n relacionados con la profesi\u00f3n, y que una copia de ellos (fotocopiada) sea donada para la biblioteca del Colegio. Para imprimir textos extensos en el Colegio deber\u00e1n:<\/p>\n\n\n\n<ul class=\"wp-block-list\">\n<li>Coordinar conjuntamente con un administrativo d\u00eda y hora para realizar la impresi\u00f3n.<\/li>\n\n\n\n<li>Llevar el material a imprimir en un dispositivo port\u00e1til.<\/li>\n\n\n\n<li>Para impresiones de m\u00e1s de 100 hojas, deber\u00e1n solicitar por escrito autorizaci\u00f3n al Consejo Directivo, as\u00ed este eval\u00faa las posibilidades y recursos disponibles en ese momento.<\/li>\n\n\n\n<li>Opcionalmente, el socio podr\u00e1 aportar los insumos de papel y\/o tinta.<\/li>\n<\/ul>\n\n\n\n<h4 class=\"wp-block-heading\">Biblioteca<\/h4>\n\n\n\n<p>En nuestra biblioteca el asociado encontrar\u00e1 t\u00edtulos de libros, revistas cient\u00edficas y boletines de colegios de otras provincias.<br>Pr\u00e9stamos: El asociado deber\u00e1 registrar sus datos personales y fechas de pr\u00e9stamos y de devoluci\u00f3n en el cuaderno que se encuentra en vigencia para tal fin.<br>El horario de acceso a la biblioteca es de lunes a viernes de 9 a 15.30 hs.<\/p>\n\n\n\n<h4 class=\"wp-block-heading\" id=\"ayuda\">Ayudas y auspicios econ\u00f3micos<\/h4>\n\n\n\n<p>El CPPC puede brindar apoyo econ\u00f3mico para actividades cient\u00edficas o de otra \u00edndole (de inter\u00e9s o relacionadas a la profesi\u00f3n).<br>Para solicitarlas deben presentar nota dirigida al Consejo Directivo, que incluya indefectiblemente dos presupuestos detallados y espec\u00edficos, que ser\u00e1n evaluados por la Tesorera, para posteriormente decidir su aprobaci\u00f3n.<\/p>\n\n\n\n<p><strong>Adelanto de honorarios<\/strong><\/p>\n\n\n\n<p>Condiciones a tener en cuenta para solicitar adelanto de sueldo:<\/p>\n\n\n\n<ul class=\"wp-block-list\">\n<li>Se puede solicitar hasta dos veces por a\u00f1o, no consecutivas.<\/li>\n\n\n\n<li>El adelanto es de hasta el 50% de lo facturado de OSEP, siempre que no supere los $150.000 (ciento cincuenta mil pesos).<\/li>\n\n\n\n<li>El asociado o asociada solicitante no debe tener sanciones disciplinarias.<\/li>\n\n\n\n<li>El asociado o asociada debe tener la cuota al d\u00eda.<\/li>\n\n\n\n<li>El otorgamiento del adelanto queda sujeto a la consideraci\u00f3n de fondos del Colegio.<\/li>\n<\/ul>\n","protected":false},"excerpt":{"rendered":"<p>Certificaciones Solicitar a trav\u00e9s de v\u00eda formal para que quede constancia de dicha solicitud, ya sea por nota escrita o correo electr\u00f3nico (colpsicat@yahoo.com.ar). Les agradecemos que soliciten los certificados cuando efectivamente vayan a utilizarlos, y que ellos sean retirados en tiempo y forma, ya que implican costos para la instituci\u00f3n. Para solicitar certificado de Libre [&hellip;]<\/p>\n","protected":false},"author":2,"featured_media":0,"parent":0,"menu_order":0,"comment_status":"closed","ping_status":"closed","template":"","meta":{"cybocfi_hide_featured_image":"","footnotes":""},"class_list":["post-514","page","type-page","status-publish","hentry"],"_links":{"self":[{"href":"https:\/\/psicologoscatamarca.com.ar\/psicoweb\/wp-json\/wp\/v2\/pages\/514","targetHints":{"allow":["GET"]}}],"collection":[{"href":"https:\/\/psicologoscatamarca.com.ar\/psicoweb\/wp-json\/wp\/v2\/pages"}],"about":[{"href":"https:\/\/psicologoscatamarca.com.ar\/psicoweb\/wp-json\/wp\/v2\/types\/page"}],"author":[{"embeddable":true,"href":"https:\/\/psicologoscatamarca.com.ar\/psicoweb\/wp-json\/wp\/v2\/users\/2"}],"replies":[{"embeddable":true,"href":"https:\/\/psicologoscatamarca.com.ar\/psicoweb\/wp-json\/wp\/v2\/comments?post=514"}],"version-history":[{"count":17,"href":"https:\/\/psicologoscatamarca.com.ar\/psicoweb\/wp-json\/wp\/v2\/pages\/514\/revisions"}],"predecessor-version":[{"id":1855,"href":"https:\/\/psicologoscatamarca.com.ar\/psicoweb\/wp-json\/wp\/v2\/pages\/514\/revisions\/1855"}],"wp:attachment":[{"href":"https:\/\/psicologoscatamarca.com.ar\/psicoweb\/wp-json\/wp\/v2\/media?parent=514"}],"curies":[{"name":"wp","href":"https:\/\/api.w.org\/{rel}","templated":true}]}}