{"id":1138,"date":"2023-01-02T16:15:38","date_gmt":"2023-01-02T16:15:38","guid":{"rendered":"https:\/\/psicologoscatamarca.com.ar\/psicoweb\/?page_id=1138"},"modified":"2023-04-25T16:07:28","modified_gmt":"2023-04-25T16:07:28","slug":"instructivo-osep","status":"publish","type":"page","link":"https:\/\/psicologoscatamarca.com.ar\/psicoweb\/instructivo-osep\/","title":{"rendered":"Instructivo OSEP"},"content":{"rendered":"\n<p>INSTRUCTIVO PARA CARGAR \u00d3RDENES CUYOS PACIENTES POSEAN N\u00daMERO TOKEN<\/p>\n\n\n\n<figure class=\"wp-block-video aligncenter\"><video height=\"1080\" style=\"aspect-ratio: 1920 \/ 1080;\" width=\"1920\" controls src=\"https:\/\/psicologoscatamarca.com.ar\/psicoweb\/wp-content\/uploads\/2023\/04\/Instructivo-con-token.mp4\"><\/video><\/figure>\n\n\n\n<p>INSTRUCTIVO PARA CARGAR \u00d3RDENES SIN TOKEN Y ANULAR CARGAS ERR\u00d3NEAS<\/p>\n\n\n\n<figure class=\"wp-block-video\"><video height=\"1080\" style=\"aspect-ratio: 1920 \/ 1080;\" width=\"1920\" controls src=\"https:\/\/psicologoscatamarca.com.ar\/psicoweb\/wp-content\/uploads\/2023\/04\/Instructivo-sin-token-anulacion.mp4\"><\/video><\/figure>\n\n\n\n<p>INSTRUCTIVO PARA GENERAR \u00d3RDENES DE DISCAPACIDAD<\/p>\n\n\n\n<figure class=\"wp-block-video\"><video height=\"1080\" style=\"aspect-ratio: 1440 \/ 1080;\" width=\"1440\" controls src=\"https:\/\/psicologoscatamarca.com.ar\/psicoweb\/wp-content\/uploads\/2023\/04\/DISCAPACIDAD-1.mp4\"><\/video><\/figure>\n","protected":false},"excerpt":{"rendered":"<p>INSTRUCTIVO PARA CARGAR \u00d3RDENES CUYOS PACIENTES POSEAN N\u00daMERO TOKEN INSTRUCTIVO PARA CARGAR \u00d3RDENES SIN TOKEN Y ANULAR CARGAS ERR\u00d3NEAS INSTRUCTIVO PARA GENERAR \u00d3RDENES DE DISCAPACIDAD<\/p>\n","protected":false},"author":2,"featured_media":0,"parent":0,"menu_order":0,"comment_status":"closed","ping_status":"closed","template":"","meta":{"cybocfi_hide_featured_image":"","footnotes":""},"class_list":["post-1138","page","type-page","status-publish","hentry"],"_links":{"self":[{"href":"https:\/\/psicologoscatamarca.com.ar\/psicoweb\/wp-json\/wp\/v2\/pages\/1138","targetHints":{"allow":["GET"]}}],"collection":[{"href":"https:\/\/psicologoscatamarca.com.ar\/psicoweb\/wp-json\/wp\/v2\/pages"}],"about":[{"href":"https:\/\/psicologoscatamarca.com.ar\/psicoweb\/wp-json\/wp\/v2\/types\/page"}],"author":[{"embeddable":true,"href":"https:\/\/psicologoscatamarca.com.ar\/psicoweb\/wp-json\/wp\/v2\/users\/2"}],"replies":[{"embeddable":true,"href":"https:\/\/psicologoscatamarca.com.ar\/psicoweb\/wp-json\/wp\/v2\/comments?post=1138"}],"version-history":[{"count":6,"href":"https:\/\/psicologoscatamarca.com.ar\/psicoweb\/wp-json\/wp\/v2\/pages\/1138\/revisions"}],"predecessor-version":[{"id":1489,"href":"https:\/\/psicologoscatamarca.com.ar\/psicoweb\/wp-json\/wp\/v2\/pages\/1138\/revisions\/1489"}],"wp:attachment":[{"href":"https:\/\/psicologoscatamarca.com.ar\/psicoweb\/wp-json\/wp\/v2\/media?parent=1138"}],"curies":[{"name":"wp","href":"https:\/\/api.w.org\/{rel}","templated":true}]}}